 + 1 = 0. What are the prime factors of a(w)?
2, 3
Suppose 0 = 5*j - 3*a + 1 + 28, 0 = 5*j + 4*a + 8. Let k = 6 + j. Suppose k*v + 16 - 46 = 0. List the prime factors of v.
3, 5
Suppose 9*j - 10*j = -26. Let o = -16 + j. List the prime factors of o.
2, 5
Let w = 231 - 64. Suppose -w = -5*q - 22. List the prime factors of q.
29
What are the prime factors of (-3 + -1 - -9)/(2/34)?
5, 17
Suppose 0*c + 3*c = 0. Suppose -5*m + 10 = -c*m. What are the prime factors of m?
2
Suppose 4*g + 23 - 7 = 0. Let h = g - -21. List the prime factors of h.
17
Suppose 0 = 3*w - 27. Suppose -4*l + w = -l. List the prime factors of l.
3
Let g be (-2 - -3)*-1*-48. Suppose i + g = 4*i. List the prime factors of i.
2
Let q be 0/(0/2 - -1). Suppose 5*h = 35 - 140. Let u = q - h. What are the prime factors of u?
3, 7
Suppose 0 = -3*k, 3*f - 2*f - 2*k - 25 = 0. List the prime factors of f.
5
Suppose 0*b = -b + 11. Let l = b - 0. What are the prime factors of l?
11
Suppose 0 = -5*w + 463 + 282. Suppose 2*f + 59 - w = 0. What are the prime factors of f?
3, 5
Suppose 0 = 3*u - 20 - 10. Let b(x) = 2*x - 14. List the prime factors of b(u).
2, 3
Suppose 5 = 2*p + v - 13, 0 = -5*v + 10. Let u = 16 - p. Suppose u = 5*q - 7. What are the prime factors of q?
3
Let w(j) = j**3 - 5*j**2 - 8*j + 8. Suppose -2*m + 4*b + 5 = -19, 24 = 3*m - 2*b. Let k be w(m). List the prime factors of (-14)/k*(2 - 0).
7
Suppose -d - 744 = -3*m, -3*d - 9 + 0 = 0. What are the prime factors of m?
13, 19
Suppose -6*p + 3*p + 111 = 0. List the prime factors of p.
37
Let c = -15 - -25. Suppose 2*d + 2*o - c = 0, d - o - 1 + 0 = 0. What are the prime factors of d?
3
Let f = 106 - 76. What are the prime factors of f?
2, 3, 5
Let c be -4*2/(1 + -3). Let j = 5 - c. Suppose 3*d - j = 20. List the prime factors of d.
7
Suppose -8*f - 1092 = -14*f. List the prime factors of f.
2, 7, 13
Suppose -2*l = -l. Suppose l = -2*t - 4 + 20. List the prime factors of t.
2
What are the prime factors of 5/(-5) + 64 - 4?
59
Let k = 36 + 0. Let w = k + -24. What are the prime factors of w?
2, 3
Suppose -2*m + 15 + 31 = 0. What are the prime factors of m?
23
Let o = -1 - 1. List the prime factors of 2/(4/(-19))*o.
19
Suppose 486 + 171 = 3*y. List the prime factors of y/12 - 2/8.
2, 3
Let y(s) = -s**3 + 4*s**2 - s + 1. List the prime factors of y(3).
7
Suppose -29 = -j + 2*v, -v + 6*v - 129 = -4*j. Let q = 45 - j. What are the prime factors of q?
2, 7
Let n(x) = -8 - 3*x + 3 + 0*x. List the prime factors of n(-7).
2
Suppose -3*w + 5*p - 42 = 0, -2 = w - p + 10. Let n = -1 - w. List the prime factors of n.
2
Let q be 2/(2 - (-4)/(-3)). Let m be (-6)/(-15) - (-294)/15. Suppose p - m = -q*p. List the prime factors of p.
5
Suppose 4*p - p - z - 40 = 0, -3*z - 3 = 0. What are the prime factors of p?
13
Let t(h) = -h**2 + 5*h + 6. Let f be t(5). Suppose 5*w = f + 14. Suppose -2*z - 3*q - 2*q = -21, -w*q = 12. List the prime factors of z.
2, 3
Let s = 12 + 8. List the prime factors of s.
2, 5
Suppose -4*g - b = -22, -2*b + 2 = -b. Suppose -l = 3*l + g*o + 5, 5*o = -3*l. Let d = l - -14. What are the prime factors of d?
3
Suppose -4 = -4*g + 3*a, 3*g - 5*g - 24 = 5*a. Let w be 2/(-4)*-4*2. Let j = g + w. List the prime factors of j.
2
Let p(b) = -2*b - 16. Let v be p(-11). Suppose j - v*j = -20. List the prime factors of j.
2
Suppose -7 + 2 = -l. Suppose -3 = l*h - 8*h. Let y(m) = 3*m**2 + 2*m - 1. List the prime factors of y(h).
2
Suppose -3*c = 4*w - 136, -4*w + 190 = 4*c - 3*w. What are the prime factors of c?
2, 3
Suppose 0 = 2*f - 26 - 28. What are the prime factors of f?
3
Let d = -1 + -3. Let h = d + 22. What are the prime factors of h?
2, 3
Suppose -4*i + 0*i + 540 = 0. Suppose 0 = 5*o - 8*o + i. Suppose m - 2*m + 2*a + 4 = 0, o = 5*m - 5*a. List the prime factors of m.
2, 7
Let f be 4/1 - (-8)/(-4). Let b be (14 + 1)/(6/8). Suppose 0*w - b = -f*w. List the prime factors of w.
2, 5
Let y(a) = -a**2 + 7*a + 10. Let g be y(8). List the prime factors of 0 - g - -2 - -8.
2
Let g(l) be the first derivative of 2 + 0*l**2 - 1 - 2*l**2 - 2. What are the prime factors of g(-5)?
2, 5
Let y = 5 - 2. Suppose -69 = -0*d - y*d. List the prime factors of d.
23
Suppose 2*w - 256 = -2*w. What are the prime factors of w?
2
Suppose 0 = 2*f - 4*i + 28, -5*f = -2*f - i + 52. Let b = f - -32. What are the prime factors of (-3)/(-3)*(b + -1)?
13
Let w(n) = -n**3 - 6*n**2 + 6*n. Let f be w(-7). Suppose 2*o + f = 39. List the prime factors of o.
2
List the prime factors of 39/((28/(-80))/(-7)*6).
2, 5, 13
Suppose 3*m - 8*m - b + 1902 = 0, 4*b - 1512 = -4*m. What are the prime factors of m?
3, 127
Suppose 2*v - 36 = 6. Suppose 0*s = s - v. List the prime factors of s.
3, 7
Let d be (3 + 2 - 2) + 1. Suppose 2 = 2*k - d, -2*u + 48 = 4*k. What are the prime factors of u?
2, 3
Let y be 21*(-3)/(-18)*-2. List the prime factors of (-93)/y - (-10)/(-35).
13
Let y(a) = a**3 + 5*a**2 - 8*a - 8. Let m(o) = o - 3. Let d be m(-3). Let p be y(d). Suppose 0 = 5*c - c + 20, p*u - 4*c - 64 = 0. List the prime factors of u.
11
Let v(q) = -3*q - 20. What are the prime factors of v(-9)?
7
Let n = 8 - 7. List the prime factors of (-3 - 0) + 14 + n.
2, 3
Suppose u - 113 = -n, 0 = 4*n - 4*u + 94 - 570. What are the prime factors of n?
2, 29
Let z be (1/(-2)*4)/2. Let d be 0*(1 - z/(-2)). Suppose 5*c + d = 15. What are the prime factors of c?
3
Let x(r) = 3*r - 1. Let a = -2 + 3. Let p be 6/3 + 1 - a. List the prime factors of x(p).
5
Suppose -4*w + 45 = -3*w. Suppose -a - 4*a + w = 0. List the prime factors of a.
3
Suppose 5*i - 100 = -0*i. Let s be 9/6*i/6. Suppose l - 88 = -s*g, 4*g = 2*l - l + 65. What are the prime factors of g?
17
Let m = 2 + 1. Suppose c - r - m*r = -7, -3*c + 2*r = -19. List the prime factors of c.
3
Suppose -4*h - r + 304 = 0, h = -h - 4*r + 138. List the prime factors of h.
7, 11
Suppose -20 = -3*r - 2*c, -5*r + 2*c + 7 + 5 = 0. What are the prime factors of 27/2 + (-6)/r?
2, 3
Let z(c) = 4*c**2 + 2*c + 4. List the prime factors of z(-2).
2
Let t be 44/7 + 6/(-21). Suppose 3*l = 2*l - t. Let w(n) = -n**2 - 6*n + 2. What are the prime factors of w(l)?
2
Let j = 10 + -7. Suppose 4*z = -j*d + 22, 3*d + 1 = 7. What are the prime factors of z?
2
Suppose -24 = -5*y - 3*a + 2*a, -4*y = 5*a - 36. What are the prime factors of y?
2
Let k(j) = -j**3 + 8*j**2 + 2*j - 3. Let u be (1/(-1))/((-2)/16). Let h be k(u). Suppose -2*c + s = c - h, -c - 4*s - 13 = 0. What are the prime factors of c?
3
What are the prime factors of ((-2)/(-4))/(1/26)?
13
Let h = -14 - -6. Let o = -7 - h. What are the prime factors of 14 + -3 - -1 - o?
11
Let i(x) = -8*x - 2. Suppose r + r = 2. Let f be r/(-2)*0 + -2. List the prime factors of i(f).
2, 7
Let y = 85 - -14. What are the prime factors of y?
3, 11
Suppose 0 = 3*c + 4*f - 38, -2*c + 2*f + 44 = -0*c. What are the prime factors of c?
2, 3
Let z be 7 + (-3)/(-2)*-2. Let s(g) = -g - 1. Let x be s(-6). Let m = x + z. List the prime factors of m.
3
Suppose -q - 10 = -6*q. List the prime factors of q.
2
Suppose 9*v - 7*v = 168. What are the prime factors of v?
2, 3, 7
Let y(r) = r**3 - 2*r**2 + 2*r. List the prime factors of y(4).
2, 5
Suppose z - 44 = -3*j - 4*z, 2*j - 3*z - 4 = 0. Let v = j + -26. List the prime factors of (v/8)/((-6)/16).
2, 3
What are the prime factors of (-6)/(-9)*-3 - 108/(-2)?
2, 13
Let j(u) = u**3 - 12*u**2 - 9*u. Let d(h) = -h**3 + 17*h**2 - 14*h - 19. Let f be d(16). What are the prime factors of j(f)?
2, 13
Let k = 117 + 120. List the prime factors of k.
3, 79
Suppose 3*h = h + 148. List the prime factors of h.
2, 37
Let n(b) = -3*b + 2 + 0 - 6*b + 4*b. What are the prime factors of n(-3)?
17
Let w = 11 + -6. What are the prime factors of (-2)/(-1)*w/1?
2, 5
Suppose -186 = -2*x + 24. Let r = x - 67. List the prime factors of r.
2, 19
Suppose 5*k = -0*k + 5, 2*v - 85 = -3*k. Suppose 5*r - 3*r + 5*h = v, r - 3*h = 4. List the prime factors of r.
13
Suppose -4*k + 309 = -f, 0 + 9 = 3*f. List the prime factors of k.
2, 3, 13
Suppose -4*g = -6 + 14. What are the prime factors of (-60)/g*16/20?
2, 3
Suppose g - 9 - 12 = 0. What are the prime factors of g?
3, 7
Let s be (8/5)/(6/15). Suppose -s = -u - 0. What are the prime factors of u?
2
Let l be -5*-2*14/5. Suppose -m - 2*k = 3*m - 48, 0 = 2*m - k - l. What 